s 45189867 a multiple of 510?
False
Does 853 divide 36715679?
True
Is 226062238 a multiple of 3205?
False
Does 201 divide 111905745?
True
Is 435 a factor of 184498988?
False
Does 869 divide 571763764?
True
Is 2220552972 a multiple of 33?
True
Does 16 divide 119002608?
True
Does 106 divide 155413174?
False
Is 32 a factor of 16615383?
False
Does 14 divide 93316202?
True
Is 25320120 a multiple of 168?
True
Does 17 divide 41222687?
False
Is 180918489 a multiple of 31?
False
Does 2 divide 43729923?
False
Is 27403673 even?
False
Is 19 a factor of 752532922?
False
Does 173 divide 410098230?
True
Does 18 divide 109131073?
False
Does 156 divide 177161868?
True
Is 835 a factor of 36678210?
True
Does 16 divide 312140032?
True
Is 6599016 a multiple of 40?
False
Is 29586748 a multiple of 892?
True
Does 19 divide 354052403?
True
Does 40 divide 413586854?
False
Does 3231 divide 2207504989?
False
Does 3 divide 1847386?
False
Does 11 divide 86863117?
True
Does 11 divide 968806448?
False
Is 383 a factor of 69294658?
True
Does 17 divide 5940123?
True
Is 13 a factor of 313707706?
True
Is 33 a factor of 502101435?
True
Does 27 divide 706176626?
False
Is 5 a factor of 10377475?
True
Does 33 divide 33340824?
True
Is 3491 a factor of 3219791192?
True
Does 27 divide 7632179?
False
Is 535 a factor of 2181731070?
True
Is 63 a factor of 57687374?
False
Does 647 divide 368717536?
True
Is 5468990 a multiple of 289?
False
Does 17 divide 148112806?
True
Does 1742 divide 756127578?
False
Is 9 a factor of 47211481?
False
Does 1069 divide 464559124?
False
Is 30 a factor of 224087527?
False
Is 338 a factor of 678848916?
False
Is 4 a factor of 638966524?
True
Does 6582 divide 224463525?
False
Is 930 a factor of 1284393304?
False
Does 92 divide 54630225?
False
Does 13 divide 30519304?
False
Does 1615 divide 1367023210?
True
Is 648 a factor of 1849537152?
True
Is 8896 a factor of 1721447168?
True
Is 57785169 a multiple of 39?
True
Is 17101120 a multiple of 4?
True
Does 81 divide 27449234?
False
Does 45 divide 24283013?
False
Is 99 a factor of 12914154?
True
Is 36073388 a multiple of 172?
True
Is 214 a factor of 120987835?
False
Is 239032040 a multiple of 2412?
False
Does 9 divide 2305481754?
False
Is 13068265 a multiple of 7?
True
Is 4582056573 a multiple of 4361?
False
Does 165 divide 189556125?
True
Is 3 a factor of 37308013?
False
Does 3 divide 78109?
False
Is 1483173720 a multiple of 36?
True
Does 9 divide 2808582?
False
Is 4960750 a multiple of 775?
False
Is 175336704 a multiple of 3?
True
Does 267 divide 82146054?
False
Does 18 divide 88870454?
False
Is 4991132 a multiple of 66?
False
Is 794678302 a multiple of 70?
False
Is 10 a factor of 22803657?
False
Is 387410010 a multiple of 3790?
True
Is 33564180 a multiple of 39?
True
Is 494867472 a multiple of 44?
True
Does 4 divide 271980105?
False
Is 237 a factor of 45222444?
True
Is 1787775262 a multiple of 14?
True
Does 150 divide 175723950?
True
Is 253427846 a multiple of 46?
True
Is 390610110 a multiple of 6105?
True
Is 177 a factor of 15881235?
False
Is 19133544 a multiple of 2026?
True
Does 296 divide 49658053?
False
Is 397887890 a multiple of 1411?
True
Is 40 a factor of 103056840?
True
Is 630 a factor of 342461374?
False
Does 2 divide 15395069?
False
Does 230 divide 23679420?
True
Is 571554897 a multiple of 7?
False
Is 51957015 a multiple of 17?
True
Is 34988740 a multiple of 67?
True
Is 243 a factor of 813730079?
False
Is 2966424176 a multiple of 2218?
True
Is 971935 a multiple of 53?
False
Is 65005963 a multiple of 601?
True
Is 306082182 a multiple of 1218?
True
Is 43322780 a multiple of 7?
False
Is 319928691 a multiple of 2043?
False
Is 16 a factor of 1255080725?
False
Is 831242 a multiple of 239?
True
Is 21665149 a multiple of 209?
True
Does 1970 divide 25040670?
True
Does 206 divide 30006069?
False
Does 2311 divide 95394142?
False
Does 656 divide 45715328?
True
Is 1432 a factor of 231262976?
False
Is 374 a factor of 115485531?
False
Does 190 divide 4594876312?
False
Does 341 divide 60888960?
True
Is 466064808 a multiple of 4?
True
Is 250 a factor of 328137250?
True
Does 8389 divide 888273868?
False
Is 52 a factor of 7666633?
False
Is 154391250 a multiple of 130?
True
Does 17 divide 227500677?
False
Is 33 a factor of 6183529?
False
Is 1810 a factor of 2139653490?
True
Is 396742140 a multiple of 1570?
True
Is 194 a factor of 179697051?
False
Does 105 divide 1807950741?
False
Is 1129470530 a multiple of 435?
False
Is 1260 a factor of 163167480?
True
Is 808185851 a multiple of 6?
False
Is 7045256886 a multiple of 717?
False
Does 138 divide 26081310?
True
Does 2823 divide 117034808?
False
Does 181 divide 50996328?
False
Is 359170 a multiple of 5?
True
Is 20851777 even?
False
Is 20563659 a multiple of 213?
True
Is 188 a factor of 1732000572?
True
Is 526416618 a multiple of 39?
True
Does 31 divide 22567287?
True
Does 129 divide 57818611?
False
Is 2831481974 a multiple of 607?
False
Is 438 a factor of 285998191?
False
Is 8 a factor of 244067136?
True
Is 11 a factor of 1197984874?
False
Is 117319956 a multiple of 281?
False
Does 2102 divide 2669920462?
True
Does 337 divide 167789827?
False
Does 15 divide 16260945?
True
Is 8 a factor of 711880450?
False
Does 68 divide 15680120?
True
Does 150 divide 1182988200?
True
Is 9 a factor of 804389456?
False
Is 38520539 a multiple of 32?
False
Is 357 a factor of 370973686?
False
Is 111 a factor of 3808526?
False
Is 1772286157 a multiple of 4588?
False
Is 346 a factor of 7289528?
True
Is 25250940 a multiple of 132?
True
Is 36986320 a multiple of 197?
False
Is 30 a factor of 78930100?
False
Is 8 a factor of 4424680?
True
Is 293516079 a multiple of 97?
False
Is 1227 a factor of 25330188?
True
Is 580 a factor of 1284009800?
True
Is 30596608 a multiple of 112?
True
Is 11161287 a multiple of 9?
True
Is 5628483 a multiple of 13?
False
Does 90 divide 6209190?
True
Does 71 divide 40555316?
False
Is 109 a factor of 97814093?
True
Is 41 a factor of 1793896288?
True
Does 29 divide 85086348?
True
Does 31 divide 93099919?
False
Does 89 divide 42767358?
False
Does 82 divide 1366895884?
True
Is 35 a factor of 216957230?
True
Is 187 a factor of 51172235?
False
Is 1110 a factor of 58645740?
True
Is 83 a factor of 3978015451?
True
Does 46 divide 581760733?
False
Is 3986933 a multiple of 110?
False
Does 5 divide 906218565?
True
Is 144 a factor of 7409765?
False
Is 89 a factor of 10462662?
True
Does 24 divide 156477144?
True
Is 68 a factor of 2536979020?
True
Does 23 divide 1414017?
True
Is 488764900 a multiple of 50?
True
Is 490374764 a multiple of 1529?
True
Does 757 divide 333345707?
True
Is 50122011 a multiple of 116?
False
Is 727415607 a multiple of 389?
True
Is 454 a factor of 431601697?
False
Is 1130 a factor of 52107036?
False
Is 26621184 a multiple of 16?
True
Does 27 divide 1936589337?
True
Does 9 divide 740701431?
True
Is 29246587 a multiple of 2106?
False
Is 101 a factor of 12090205?
True
Is 41097238 a multiple of 14?
True
Does 143 divide 543787805?
False
Is 883 a factor of 4561039654?
False
Is 225 a factor of 884131200?
True
Is 61 a factor of 1569057175?
False
Does 8 divide 1385306024?
True
Is 39 a factor of 52782307?
False
Is 27 a factor of 1709803?
False
Is 4492872786 a multiple of 47?
True
Is 620 a factor of 391025852?
False
Is 280477187 a multiple of 212?
False
Is 37167816 a multiple of 184?
True
Does 53 divide 7621983?
True
Is 35989588 a multiple of 2?
True
Is 345 a factor of 170852651?
False
Is 38 a factor of 63287480?
True
Is 19 a factor of 10066063?
False
Does 477 divide 48453660?
True
Is 576501454 a multiple of 231?
False
Does 23 divide 1367467737?
True
Is 69178880 a multiple of 160?
True
Is 15 a factor of 1186825500?
True
Is 1727 a factor of 82396897?
True
Is 276 a factor of 45912876?
True
Is 183433944 a multiple of 999?
False
Does 6 divide 18856997?
False
Does 4 divide 34123468?
True
Does 10 divide 42877800?
True
Is 6375 a factor of 12985875?
True
Is 85380993 a multiple of 612?
False
Does 160 divide 131196640?
True
Does 856 divide 52629196?
False
Is 30951019 a multiple of 8?
False
Does 406 divide 1050494017?
False
Does 38 divide 344622?
True
Does 30 divide 518940750?
True
Does 19 divide 41261426?
True
Does 60 divide 13300221?
False
Is 1636 a factor of 1066553537?
False
Does 1709 d